{"id":98543,"date":"2021-04-12T19:47:37","date_gmt":"2021-04-12T17:47:37","guid":{"rendered":"https:\/\/waffenhandel-dresden.de\/?page_id=98543"},"modified":"2021-05-20T11:50:22","modified_gmt":"2021-05-20T09:50:22","slug":"buchungskalender","status":"publish","type":"page","link":"https:\/\/waffenhandel-dresden.de\/index.php\/buchungskalender\/","title":{"rendered":"Buchungskalender"},"content":{"rendered":"\n<div class=\"wp-block-image\"><figure class=\"aligncenter size-large\"><a href=\"https:\/\/www.supersaas.de\/schedule\/TACTIC24\/Onlineseminare_und_Workshops\"><img loading=\"lazy\" decoding=\"async\" width=\"1000\" height=\"253\" src=\"https:\/\/waffenhandel-dresden.de\/wp-content\/uploads\/2021\/05\/Startbild_Website_Variante_4.jpg\" alt=\"\" class=\"wp-image-108419\" srcset=\"https:\/\/waffenhandel-dresden.de\/wp-content\/uploads\/2021\/05\/Startbild_Website_Variante_4.jpg 1000w, https:\/\/waffenhandel-dresden.de\/wp-content\/uploads\/2021\/05\/Startbild_Website_Variante_4-300x76.jpg 300w, https:\/\/waffenhandel-dresden.de\/wp-content\/uploads\/2021\/05\/Startbild_Website_Variante_4-768x194.jpg 768w, https:\/\/waffenhandel-dresden.de\/wp-content\/uploads\/2021\/05\/Startbild_Website_Variante_4-416x105.jpg 416w\" sizes=\"auto, (max-width: 1000px) 100vw, 1000px\" \/><\/a><\/figure><\/div>\n\n\n\n<p><\/p>\n\n\n\n<p>Klicken Sie einfach <a href=\"https:\/\/www.supersaas.de\/schedule\/TACTIC24\/Onlineseminare_und_Workshops\" target=\"_blank\" rel=\"noreferrer noopener\">im Buchungskalender<\/a> auf die einzelnen Veranstaltungen und Ihnen werden anschlie\u00dfend die jeweiligen Informationen dazu angezeigt.<\/p>\n\n\n\n<p>Sie k\u00f6nnen selbstst\u00e4ndig f\u00fcr die gew\u00fcnschte Veranstaltung eine Buchung vornehmen und sich einen Platz reservieren. Nach erfolgter Buchung erhalten sie dann im Anschluss sofort eine Buchungsbest\u00e4tigung per E-Mail.<\/p>\n\n\n\n<p>Sie sind sich unsicher bei der Handhabung des Buchungssystems? Gern k\u00f6nnen Sie sich auch wie bisher, \u00fcber unser Kontaktformular oder direkt per E-Mail \u00fcber&nbsp;<a href=\"mailto:info@tactic24.de\">info@tactic24.de<\/a>, anmelden.<\/p>\n\n\n\n<p>Gern stehen wir f\u00fcr Ihre Buchungsfragen zur Verf\u00fcgung.<\/p>\n\n\n\n<p><strong>SuperSaaS ist ein externer Anbieter f\u00fcr Terminbuchungen. Die Datenschutzrichtlinien dieses Anbieters finden Sie <a rel=\"noreferrer noopener\" href=\"https:\/\/www.supersaas.de\/info\/datenschutzrichtlinie\" target=\"_blank\">hier<\/a>.<\/strong><\/p>\n","protected":false},"excerpt":{"rendered":"<p>Klicken Sie einfach im Buchungskalender auf die einzelnen Veranstaltungen und Ihnen werden anschlie\u00dfend die jeweiligen Informationen dazu angezeigt. Sie k\u00f6nnen selbstst\u00e4ndig f\u00fcr die gew\u00fcnschte Veranstaltung eine Buchung vornehmen und sich einen Platz reservieren. Nach erfolgter Buchung erhalten sie dann im Anschluss sofort eine Buchungsbest\u00e4tigung per E-Mail. Sie sind sich unsicher bei der Handhabung des Buchungssystems? [&hellip;]<\/p>\n","protected":false},"author":2,"featured_media":0,"parent":0,"menu_order":0,"comment_status":"closed","ping_status":"closed","template":"","meta":{"footnotes":""},"class_list":["post-98543","page","type-page","status-publish","hentry"],"_links":{"self":[{"href":"https:\/\/waffenhandel-dresden.de\/index.php\/wp-json\/wp\/v2\/pages\/98543","targetHints":{"allow":["GET"]}}],"collection":[{"href":"https:\/\/waffenhandel-dresden.de\/index.php\/wp-json\/wp\/v2\/pages"}],"about":[{"href":"https:\/\/waffenhandel-dresden.de\/index.php\/wp-json\/wp\/v2\/types\/page"}],"author":[{"embeddable":true,"href":"https:\/\/waffenhandel-dresden.de\/index.php\/wp-json\/wp\/v2\/users\/2"}],"replies":[{"embeddable":true,"href":"https:\/\/waffenhandel-dresden.de\/index.php\/wp-json\/wp\/v2\/comments?post=98543"}],"version-history":[{"count":7,"href":"https:\/\/waffenhandel-dresden.de\/index.php\/wp-json\/wp\/v2\/pages\/98543\/revisions"}],"predecessor-version":[{"id":108421,"href":"https:\/\/waffenhandel-dresden.de\/index.php\/wp-json\/wp\/v2\/pages\/98543\/revisions\/108421"}],"wp:attachment":[{"href":"https:\/\/waffenhandel-dresden.de\/index.php\/wp-json\/wp\/v2\/media?parent=98543"}],"curies":[{"name":"wp","href":"https:\/\/api.w.org\/{rel}","templated":true}]}}