{"id":561867,"date":"2026-03-05T16:39:39","date_gmt":"2026-03-05T15:39:39","guid":{"rendered":"https:\/\/waffenhandel-dresden.de\/index.php\/produkt\/halbautomatische-pistole-tanfoglio-mod-p19-stock-ii-kaliber-9mmluger\/"},"modified":"2026-04-13T21:10:46","modified_gmt":"2026-04-13T19:10:46","slug":"halbautomatische-pistole-tanfoglio-mod-p19-stock-ii-kaliber-9mmluger","status":"publish","type":"product","link":"https:\/\/waffenhandel-dresden.de\/index.php\/produkt\/halbautomatische-pistole-tanfoglio-mod-p19-stock-ii-kaliber-9mmluger\/","title":{"rendered":"Halbautomatische Pistole Tanfoglio,  Mod. P19 Stock II, Kaliber 9mmLuger"},"content":{"rendered":"","protected":false},"excerpt":{"rendered":"<p>Eine Allroundpistole f\u00fcr IPSC sowie Pr\u00e4zisonsdisziplinen mit extrem belastbarem, hartverchromten Oberfl\u00e4chen-Finish sowie Bull Barell Lauf.<\/p>\n<p>-113mm Polygonlauf, Bull Barell<br \/>\n-Triggerstop<br \/>\n-hartverchromte Oberfl\u00e4chen<br \/>\n-Holzgriffschalen mit Fischhaut<br \/>\n-verstellbare Visierung mit Targetkorn<br \/>\n-inkl. 2 Magazine und Putzset<\/p>\n<p>Hersteller:<br \/>\nFRATELLI TANFOGLIO SRL<br \/>\nVia Valtrompia 39\/41<br \/>\n25063 Gardone Valtrompia, Italien<br \/>\ninfo@tanfoglio.it<\/p>\n<p>Abgabe nur an Inhaber einer Erwerbserlaubnis.<\/p>\n<p><span style=\"color:green;font-weight:bold\"><i class=\"fas fa-check-circle\"><\/i> vorr&auml;tig <\/span><\/p>\n<h3>Liefer- und Versandkosten<\/h3>\n<p>Die Versandkosten belaufen sich auf <strong>39 Euro<\/strong> pro Waffe.<\/p>\n<p>Bei Interesse kontaktieren Sie uns unter <a href=\"mailto:info@tactic24.de\">info@tactic24.de<\/a>.<\/p>\n<p>Verantwortlicher Wirtschaftsakteur gem\u00e4\u00df EU-Verordnung:<br \/>Waffenhandel Matthias Zeh, Drescherh\u00e4user 2-4, 01159 Dresden &#8211; <a href=\"mailto:info@tactic24.de\">info@tactic24.de<\/a>, Tel. +49 351 21488873.<\/p>\n","protected":false},"featured_media":577512,"template":"","meta":[],"product_brand":[],"product_cat":[89,82,79,81,36],"product_tag":[],"class_list":{"0":"post-561867","1":"product","2":"type-product","3":"status-publish","4":"has-post-thumbnail","6":"product_cat-9mm-grosskaliber","7":"product_cat-grosskaliber","8":"product_cat-kurzwaffen-waffen","9":"product_cat-pistolen","10":"product_cat-waffen","12":"first","13":"instock","14":"taxable","15":"shipping-taxable","16":"purchasable","17":"product-type-simple"},"_links":{"self":[{"href":"https:\/\/waffenhandel-dresden.de\/index.php\/wp-json\/wp\/v2\/product\/561867","targetHints":{"allow":["GET"]}}],"collection":[{"href":"https:\/\/waffenhandel-dresden.de\/index.php\/wp-json\/wp\/v2\/product"}],"about":[{"href":"https:\/\/waffenhandel-dresden.de\/index.php\/wp-json\/wp\/v2\/types\/product"}],"wp:featuredmedia":[{"embeddable":true,"href":"https:\/\/waffenhandel-dresden.de\/index.php\/wp-json\/wp\/v2\/media\/577512"}],"wp:attachment":[{"href":"https:\/\/waffenhandel-dresden.de\/index.php\/wp-json\/wp\/v2\/media?parent=561867"}],"wp:term":[{"taxonomy":"product_brand","embeddable":true,"href":"https:\/\/waffenhandel-dresden.de\/index.php\/wp-json\/wp\/v2\/product_brand?post=561867"},{"taxonomy":"product_cat","embeddable":true,"href":"https:\/\/waffenhandel-dresden.de\/index.php\/wp-json\/wp\/v2\/product_cat?post=561867"},{"taxonomy":"product_tag","embeddable":true,"href":"https:\/\/waffenhandel-dresden.de\/index.php\/wp-json\/wp\/v2\/product_tag?post=561867"}],"curies":[{"name":"wp","href":"https:\/\/api.w.org\/{rel}","templated":true}]}}