{"id":562069,"date":"2026-03-05T16:43:50","date_gmt":"2026-03-05T15:43:50","guid":{"rendered":"https:\/\/waffenhandel-dresden.de\/index.php\/produkt\/bockdoppelflinte-kofs-mod-zenith-sxe-sporting-kaliber-12-76\/"},"modified":"2026-04-29T21:16:27","modified_gmt":"2026-04-29T19:16:27","slug":"bockdoppelflinte-kofs-mod-zenith-sxe-sporting-kaliber-12-76","status":"publish","type":"product","link":"https:\/\/waffenhandel-dresden.de\/index.php\/produkt\/bockdoppelflinte-kofs-mod-zenith-sxe-sporting-kaliber-12-76\/","title":{"rendered":"Bockdoppelflinte KOFS, Mod. ZENITH SXE SPORTING, Kaliber 12\/76"},"content":{"rendered":"","protected":false},"excerpt":{"rendered":"<p>Eine schicke Flinte f\u00fcr den Schie\u00dfstand mit Ausstattungsmerkmalen f\u00fcr den sportlichen Einsatz. Mit einem verstellbaren Schaftr\u00fccken aus t\u00fcrkischem Nussbaumholz, den automatischen Ejektoren, Leuchtkorn und 5 Wechselchokes macht die Flinte in dieser Preisklasse eine erstklassige Figur.<\/p>\n<p>-Stahlschrotbeschuss<br \/>\n-76cm Laufl\u00e4nge<br \/>\n-verstellbarer Schaftr\u00fccken<br \/>\n-Lasergravur<br \/>\n-Blitzsystem<br \/>\n-Einabzug mit Umschaltung<br \/>\n-5 Wechselchokes<br \/>\n-automatische Ejektoren<br \/>\n-Gewicht ca. 3,6kg<\/p>\n<p>Herstellerinformation:<br \/>\nWaffenhandel Matthias Zeh<br \/>\nDrescherh\u00e4user 2-4, 01159 Dresden \u2013 info@tactic24.de, Tel. +49 351 21488873.<br \/>\n<\/p>\n<p>Abgabe nur an Inhaber einer Erwerbserlaubnis.<\/p>\n<p><span style=\"color:green;font-weight:bold\"><i class=\"fas fa-check-circle\"><\/i> vorr&auml;tig <\/span><\/p>\n<h3>Liefer- und Versandkosten<\/h3>\n<p>Die Versandkosten belaufen sich auf <strong>39 Euro<\/strong> pro Waffe.<\/p>\n<p>Bei Interesse kontaktieren Sie uns unter <a href=\"mailto:info@tactic24.de\">info@tactic24.de<\/a>.<\/p>\n<p>Verantwortlicher Wirtschaftsakteur gem\u00e4\u00df EU-Verordnung:<br \/>Waffenhandel Matthias Zeh, Drescherh\u00e4user 2-4, 01159 Dresden &#8211; <a href=\"mailto:info@tactic24.de\">info@tactic24.de<\/a>, Tel. +49 351 21488873.<\/p>\n","protected":false},"featured_media":584297,"template":"","meta":[],"product_brand":[],"product_cat":[95,105,92,36],"product_tag":[],"class_list":{"0":"post-562069","1":"product","2":"type-product","3":"status-publish","4":"has-post-thumbnail","6":"product_cat-einzellader","7":"product_cat-flinten-einzellader","8":"product_cat-langwaffen-waffen","9":"product_cat-waffen","11":"first","12":"instock","13":"taxable","14":"shipping-taxable","15":"purchasable","16":"product-type-simple"},"_links":{"self":[{"href":"https:\/\/waffenhandel-dresden.de\/index.php\/wp-json\/wp\/v2\/product\/562069","targetHints":{"allow":["GET"]}}],"collection":[{"href":"https:\/\/waffenhandel-dresden.de\/index.php\/wp-json\/wp\/v2\/product"}],"about":[{"href":"https:\/\/waffenhandel-dresden.de\/index.php\/wp-json\/wp\/v2\/types\/product"}],"wp:featuredmedia":[{"embeddable":true,"href":"https:\/\/waffenhandel-dresden.de\/index.php\/wp-json\/wp\/v2\/media\/584297"}],"wp:attachment":[{"href":"https:\/\/waffenhandel-dresden.de\/index.php\/wp-json\/wp\/v2\/media?parent=562069"}],"wp:term":[{"taxonomy":"product_brand","embeddable":true,"href":"https:\/\/waffenhandel-dresden.de\/index.php\/wp-json\/wp\/v2\/product_brand?post=562069"},{"taxonomy":"product_cat","embeddable":true,"href":"https:\/\/waffenhandel-dresden.de\/index.php\/wp-json\/wp\/v2\/product_cat?post=562069"},{"taxonomy":"product_tag","embeddable":true,"href":"https:\/\/waffenhandel-dresden.de\/index.php\/wp-json\/wp\/v2\/product_tag?post=562069"}],"curies":[{"name":"wp","href":"https:\/\/api.w.org\/{rel}","templated":true}]}}