{"id":562094,"date":"2026-03-05T16:44:21","date_gmt":"2026-03-05T15:44:21","guid":{"rendered":"https:\/\/waffenhandel-dresden.de\/index.php\/produkt\/repetierbuechse-hatsan-escort-mod-elite-sniper-kaliber-22lr\/"},"modified":"2026-04-07T21:15:38","modified_gmt":"2026-04-07T19:15:38","slug":"repetierbuechse-hatsan-escort-mod-elite-sniper-kaliber-22lr","status":"publish","type":"product","link":"https:\/\/waffenhandel-dresden.de\/index.php\/produkt\/repetierbuechse-hatsan-escort-mod-elite-sniper-kaliber-22lr\/","title":{"rendered":"Repetierb\u00fcchse HATSAN Escort, Mod.&#8220;ELITE SNIPER&#8220;, Kaliber .22lr"},"content":{"rendered":"","protected":false},"excerpt":{"rendered":"<p>Hervorragendes Preis-\/ Leistungsverh\u00e4ltnis mit sehr guten Schussleistungen f\u00fcr Sport und Jagd.<\/p>\n<p>-Kleinkaliberrepetierer mit Holzschaft<br \/>\n-verstellbarer Schaftbacke<br \/>\n-eingefr\u00e4ste Prismenschiene <\/p>\n<p>-inkl. Zielfernrohr Konus Pro T-30 3-12&#215;50 bel. Absehen MilDot (blau\/rot), 5 Helligkeitsstufen<br \/>\n(Nebel- und Wasserdicht, Sto\u00dfgesch\u00fctzt, Nitrogenf\u00fcllung, mehrfach vollverg\u00fctete Optik, extrem kompakt, 30mm Tubus, inkl. Schutzkappen)<br \/>\nmit Montageschiene und Ringen, komplett montiert und verklebt.<\/p>\n<p>-inkl. abnehmbares Zweibein<\/p>\n<p>Herstellerinformation:<br \/>\nWaffenhandel Matthias Zeh<br \/>\nDrescherh\u00e4user 2-4, 01159 Dresden \u2013 info@tactic24.de, Tel. +49 351 21488873<\/p>\n<p>Abgabe nur an Inhaber einer Erwerbserlaubnis.<\/p>\n<p><span style=\"color:green;font-weight:bold\"><i class=\"fas fa-check-circle\"><\/i> vorr&auml;tig <\/span><\/p>\n<h3>Liefer- und Versandkosten<\/h3>\n<p>Die Versandkosten belaufen sich auf <strong>39 Euro<\/strong> pro Waffe.<\/p>\n<p>Bei Interesse kontaktieren Sie uns unter <a href=\"mailto:info@tactic24.de\">info@tactic24.de<\/a>.<\/p>\n<p>Verantwortlicher Wirtschaftsakteur gem\u00e4\u00df EU-Verordnung:<br \/>Waffenhandel Matthias Zeh, Drescherh\u00e4user 2-4, 01159 Dresden &#8211; <a href=\"mailto:info@tactic24.de\">info@tactic24.de<\/a>, Tel. +49 351 21488873.<\/p>\n","protected":false},"featured_media":575573,"template":"","meta":[],"product_brand":[],"product_cat":[96,99,92,93,36],"product_tag":[],"class_list":{"0":"post-562094","1":"product","2":"type-product","3":"status-publish","4":"has-post-thumbnail","6":"product_cat-buechsen","7":"product_cat-kleinkaliber-buechsen","8":"product_cat-langwaffen-waffen","9":"product_cat-repetierer","10":"product_cat-waffen","12":"first","13":"instock","14":"taxable","15":"shipping-taxable","16":"purchasable","17":"product-type-simple"},"_links":{"self":[{"href":"https:\/\/waffenhandel-dresden.de\/index.php\/wp-json\/wp\/v2\/product\/562094","targetHints":{"allow":["GET"]}}],"collection":[{"href":"https:\/\/waffenhandel-dresden.de\/index.php\/wp-json\/wp\/v2\/product"}],"about":[{"href":"https:\/\/waffenhandel-dresden.de\/index.php\/wp-json\/wp\/v2\/types\/product"}],"wp:featuredmedia":[{"embeddable":true,"href":"https:\/\/waffenhandel-dresden.de\/index.php\/wp-json\/wp\/v2\/media\/575573"}],"wp:attachment":[{"href":"https:\/\/waffenhandel-dresden.de\/index.php\/wp-json\/wp\/v2\/media?parent=562094"}],"wp:term":[{"taxonomy":"product_brand","embeddable":true,"href":"https:\/\/waffenhandel-dresden.de\/index.php\/wp-json\/wp\/v2\/product_brand?post=562094"},{"taxonomy":"product_cat","embeddable":true,"href":"https:\/\/waffenhandel-dresden.de\/index.php\/wp-json\/wp\/v2\/product_cat?post=562094"},{"taxonomy":"product_tag","embeddable":true,"href":"https:\/\/waffenhandel-dresden.de\/index.php\/wp-json\/wp\/v2\/product_tag?post=562094"}],"curies":[{"name":"wp","href":"https:\/\/api.w.org\/{rel}","templated":true}]}}