{"id":579450,"date":"2026-04-17T21:17:59","date_gmt":"2026-04-17T19:17:59","guid":{"rendered":"https:\/\/waffenhandel-dresden.de\/index.php\/produkt\/halbautomatische-buechse-messerschmitt-ar15-18-dmr-package-kaliber-223rem\/"},"modified":"2026-04-17T21:17:59","modified_gmt":"2026-04-17T19:17:59","slug":"halbautomatische-buechse-messerschmitt-ar15-18-dmr-package-kaliber-223rem","status":"publish","type":"product","link":"https:\/\/waffenhandel-dresden.de\/index.php\/produkt\/halbautomatische-buechse-messerschmitt-ar15-18-dmr-package-kaliber-223rem\/","title":{"rendered":"Halbautomatische B\u00fcchse  MESSERSCHMITT, AR15 18&#8243; &#8211; DMR PACKAGE -, Kaliber .223Rem"},"content":{"rendered":"","protected":false},"excerpt":{"rendered":"<p>Das DMR &#8211; Ready to Shoot &#8211; Package:<\/p>\n<p>Messerschmitt AR15:<br \/>\n-18&#8243; Lauf<br \/>\n-Schubschaft<br \/>\n-Picatinnyschiene auf 12 Uhr<br \/>\n-M-Lok Vorderschaft<br \/>\n-Farbe: schwarz<br \/>\n-10 Schuss Magazin<\/p>\n<p>Zielfernrohr MEOPTA MeoHunterR5, 3-15&#215;50 Abs. BDC3 2.Bildebene<br \/>\nStickstoffgef\u00fcllt, MilSpec Standard bei Widerstandsf\u00e4higkeit und Oberfl\u00e4chenh\u00e4rte<\/p>\n<p>Zweibein Caldwell 6-9&#8243;, ERATAC Blockmontage mit 5MOA Vorneigung, Magpul M-Lok Picatinny Rail 5 Slots<\/p>\n<p>Auslieferung erfolgt nicht montiert, Montage gegen Aufpreis m\u00f6glich.<\/p>\n<p>Waffenhersteller:<br \/>\nWaffen Schumacher GmbH<br \/>\nAdolf-Dembach-Stra\u00dfe 4<br \/>\nD-47829 Krefeld<br \/>\ninfo@schmeisser-germany.com<br \/>\n<\/p>\n<p>Abgabe nur an Inhaber einer Erwerbserlaubnis.<\/p>\n<p><span style=\"color:green;font-weight:bold\"><i class=\"fas fa-check-circle\"><\/i> vorr&auml;tig <\/span><\/p>\n<h3>Liefer- und Versandkosten<\/h3>\n<p>Die Versandkosten belaufen sich auf <strong>39 Euro<\/strong> pro Waffe.<\/p>\n<p>Bei Interesse kontaktieren Sie uns unter <a href=\"mailto:info@tactic24.de\">info@tactic24.de<\/a>.<\/p>\n<p>Verantwortlicher Wirtschaftsakteur gem\u00e4\u00df EU-Verordnung:<br \/>Waffenhandel Matthias Zeh, Drescherh\u00e4user 2-4, 01159 Dresden &#8211; <a href=\"mailto:info@tactic24.de\">info@tactic24.de<\/a>, Tel. +49 351 21488873.<\/p>\n","protected":false},"featured_media":579447,"template":"","meta":[],"product_brand":[],"product_cat":[100,102,92,94,36],"product_tag":[],"class_list":{"0":"post-579450","1":"product","2":"type-product","3":"status-publish","4":"has-post-thumbnail","6":"product_cat-buechsen-selbstlader","7":"product_cat-grosskaliber-buechsen-selbstlader","8":"product_cat-langwaffen-waffen","9":"product_cat-selbstlader","10":"product_cat-waffen","12":"first","13":"instock","14":"taxable","15":"shipping-taxable","16":"purchasable","17":"product-type-simple"},"_links":{"self":[{"href":"https:\/\/waffenhandel-dresden.de\/index.php\/wp-json\/wp\/v2\/product\/579450","targetHints":{"allow":["GET"]}}],"collection":[{"href":"https:\/\/waffenhandel-dresden.de\/index.php\/wp-json\/wp\/v2\/product"}],"about":[{"href":"https:\/\/waffenhandel-dresden.de\/index.php\/wp-json\/wp\/v2\/types\/product"}],"wp:featuredmedia":[{"embeddable":true,"href":"https:\/\/waffenhandel-dresden.de\/index.php\/wp-json\/wp\/v2\/media\/579447"}],"wp:attachment":[{"href":"https:\/\/waffenhandel-dresden.de\/index.php\/wp-json\/wp\/v2\/media?parent=579450"}],"wp:term":[{"taxonomy":"product_brand","embeddable":true,"href":"https:\/\/waffenhandel-dresden.de\/index.php\/wp-json\/wp\/v2\/product_brand?post=579450"},{"taxonomy":"product_cat","embeddable":true,"href":"https:\/\/waffenhandel-dresden.de\/index.php\/wp-json\/wp\/v2\/product_cat?post=579450"},{"taxonomy":"product_tag","embeddable":true,"href":"https:\/\/waffenhandel-dresden.de\/index.php\/wp-json\/wp\/v2\/product_tag?post=579450"}],"curies":[{"name":"wp","href":"https:\/\/api.w.org\/{rel}","templated":true}]}}