{"id":579453,"date":"2026-04-17T21:18:03","date_gmt":"2026-04-17T19:18:03","guid":{"rendered":"https:\/\/waffenhandel-dresden.de\/index.php\/produkt\/halbautomatische-pistole-tanfoglio-mod-p19-gold-match-bds-version-6-9-22er-combo-kaliber-9mmluger\/"},"modified":"2026-04-19T21:18:46","modified_gmt":"2026-04-19T19:18:46","slug":"halbautomatische-pistole-tanfoglio-mod-p19-gold-match-bds-version-6-9-22er-combo-kaliber-9mmluger","status":"publish","type":"product","link":"https:\/\/waffenhandel-dresden.de\/index.php\/produkt\/halbautomatische-pistole-tanfoglio-mod-p19-gold-match-bds-version-6-9-22er-combo-kaliber-9mmluger\/","title":{"rendered":"Halbautomatische Pistole Tanfoglio,  Mod. P19 Gold Match BDS VERSION 6&#8243; &#8211; 9\/22er Combo, Kaliber 9mmLuger"},"content":{"rendered":"","protected":false},"excerpt":{"rendered":"<p>Eine edle Matchpistole vom feinsten. F\u00fcr Leute die das au\u00dfergew\u00f6hnliche Lieben und exzellente Qualit\u00e4t zu sch\u00e4tzen wissen.<br \/>\nHier in der sportichen Combo Kaliberversion &#8211; 9mmL und Wechselsystem .22lr. Das 22er Wechselsystem ist bereits angepasst, um eine<br \/>\neinwandfreie Funktion zu gew\u00e4hrleisten.<\/p>\n<p>-6&#8243; Polygonlauf<br \/>\n-Triggerstop<br \/>\n-hartverchromte Oberfl\u00e4chen<br \/>\n-Holzgriffschalen mit Fischhaut<br \/>\n-verstellbare Visierung mit Targetkorn<br \/>\n-inkl. 2 Magazine<\/p>\n<p>Wechselsystem im Kaliber .22lr, inkl. 1 Magazin<\/p>\n<p>FRATELLI TANFOGLIO SRL<br \/>\nVia Valtrompia 39\/41<br \/>\n25063 Gardone Valtrompia, Italien<br \/>\ninfo@tanfoglio.it<\/p>\n<p>Abgabe nur an Inhaber einer Erwerbserlaubnis.<\/p>\n<p><span style=\"color:green;font-weight:bold\"><i class=\"fas fa-check-circle\"><\/i> vorr&auml;tig <\/span><\/p>\n<h3>Liefer- und Versandkosten<\/h3>\n<p>Die Versandkosten belaufen sich auf <strong>39 Euro<\/strong> pro Waffe.<\/p>\n<p>Bei Interesse kontaktieren Sie uns unter <a href=\"mailto:info@tactic24.de\">info@tactic24.de<\/a>.<\/p>\n<p>Verantwortlicher Wirtschaftsakteur gem\u00e4\u00df EU-Verordnung:<br \/>Waffenhandel Matthias Zeh, Drescherh\u00e4user 2-4, 01159 Dresden &#8211; <a href=\"mailto:info@tactic24.de\">info@tactic24.de<\/a>, Tel. +49 351 21488873.<\/p>\n","protected":false},"featured_media":580146,"template":"","meta":[],"product_brand":[],"product_cat":[89,82,79,81,36],"product_tag":[],"class_list":{"0":"post-579453","1":"product","2":"type-product","3":"status-publish","4":"has-post-thumbnail","6":"product_cat-9mm-grosskaliber","7":"product_cat-grosskaliber","8":"product_cat-kurzwaffen-waffen","9":"product_cat-pistolen","10":"product_cat-waffen","12":"first","13":"instock","14":"taxable","15":"shipping-taxable","16":"purchasable","17":"product-type-simple"},"_links":{"self":[{"href":"https:\/\/waffenhandel-dresden.de\/index.php\/wp-json\/wp\/v2\/product\/579453","targetHints":{"allow":["GET"]}}],"collection":[{"href":"https:\/\/waffenhandel-dresden.de\/index.php\/wp-json\/wp\/v2\/product"}],"about":[{"href":"https:\/\/waffenhandel-dresden.de\/index.php\/wp-json\/wp\/v2\/types\/product"}],"wp:featuredmedia":[{"embeddable":true,"href":"https:\/\/waffenhandel-dresden.de\/index.php\/wp-json\/wp\/v2\/media\/580146"}],"wp:attachment":[{"href":"https:\/\/waffenhandel-dresden.de\/index.php\/wp-json\/wp\/v2\/media?parent=579453"}],"wp:term":[{"taxonomy":"product_brand","embeddable":true,"href":"https:\/\/waffenhandel-dresden.de\/index.php\/wp-json\/wp\/v2\/product_brand?post=579453"},{"taxonomy":"product_cat","embeddable":true,"href":"https:\/\/waffenhandel-dresden.de\/index.php\/wp-json\/wp\/v2\/product_cat?post=579453"},{"taxonomy":"product_tag","embeddable":true,"href":"https:\/\/waffenhandel-dresden.de\/index.php\/wp-json\/wp\/v2\/product_tag?post=579453"}],"curies":[{"name":"wp","href":"https:\/\/api.w.org\/{rel}","templated":true}]}}